st common divisor of 20126 and 36397177.
347
Calculate the highest common divisor of 88 and 22348854.
22
What is the highest common factor of 4720192 and 1572?
524
What is the greatest common divisor of 5621 and 16655331?
77
What is the highest common factor of 10 and 90666450?
10
What is the greatest common factor of 16 and 204284?
4
Calculate the greatest common divisor of 9558 and 471351.
177
Calculate the greatest common factor of 40 and 3018752.
8
What is the highest common factor of 2968 and 227976?
56
Calculate the greatest common factor of 6022435 and 253.
23
Calculate the greatest common factor of 90 and 4206840.
30
What is the highest common divisor of 6840 and 3937617?
171
What is the greatest common divisor of 19275282 and 2925?
117
Calculate the greatest common factor of 3870 and 139179132.
774
What is the greatest common divisor of 1048360147 and 109?
109
Calculate the highest common divisor of 800 and 8757400.
200
Calculate the greatest common divisor of 8473394 and 1102.
58
What is the highest common factor of 3827857 and 550?
11
Calculate the highest common divisor of 731 and 56805924.
43
What is the highest common factor of 1173 and 14687524?
391
What is the greatest common divisor of 164687376 and 84?
84
Calculate the greatest common factor of 687562743 and 574.
287
What is the highest common divisor of 5760 and 81795200?
640
Calculate the highest common divisor of 2864 and 486960.
16
What is the greatest common divisor of 30109629 and 33?
33
Calculate the highest common divisor of 458626346 and 994.
142
What is the highest common factor of 48 and 666216?
24
Calculate the greatest common divisor of 584714 and 151670.
1046
Calculate the greatest common divisor of 24621966 and 90.
18
Calculate the greatest common divisor of 454958 and 518.
14
What is the greatest common divisor of 92395272 and 408?
408
Calculate the highest common factor of 44995900 and 100.
100
What is the greatest common divisor of 20963 and 242?
1
Calculate the greatest common divisor of 644498064 and 2478.
2478
What is the greatest common divisor of 940652 and 2926?
38
What is the highest common divisor of 2101387 and 85?
17
Calculate the greatest common factor of 548208 and 347706.
2538
What is the greatest common factor of 39058076 and 164?
164
What is the greatest common factor of 9128330 and 50?
10
Calculate the highest common divisor of 220198 and 4994.
22
What is the greatest common factor of 136 and 12361652?
68
Calculate the greatest common factor of 156745 and 818815.
145
Calculate the greatest common divisor of 3534 and 231190746.
3534
Calculate the highest common factor of 12756195 and 257.
257
Calculate the greatest common divisor of 10143 and 3457636.
1127
What is the highest common divisor of 2221860914 and 91?
91
Calculate the highest common divisor of 254085 and 3232743.
3909
What is the highest common factor of 113541 and 729?
3
What is the highest common divisor of 248435152 and 48?
16
What is the highest common divisor of 2883777 and 104?
13
What is the highest common divisor of 13 and 124825909?
13
What is the greatest common divisor of 84 and 3644319?
21
What is the greatest common divisor of 87 and 268?
1
What is the greatest common divisor of 77253916 and 32?
4
Calculate the greatest common factor of 77116658 and 66674.
1258
What is the highest common factor of 1107 and 369441?
27
Calculate the greatest common divisor of 35172638 and 282.
94
Calculate the highest common divisor of 6292482 and 18258.
102
Calculate the highest common divisor of 24838168 and 16.
8
What is the highest common divisor of 31252 and 431849752?
2404
What is the greatest common divisor of 3268 and 1448864?
76
Calculate the greatest common factor of 90 and 2649825.
45
Calculate the greatest common divisor of 22668570 and 370.
10
What is the highest common factor of 1894 and 26348381?
947
Calculate the highest common factor of 9 and 5272740.
9
Calculate the greatest common factor of 21 and 13082496.
21
Calculate the highest common divisor of 420790171 and 3298.
1649
What is the greatest common divisor of 136 and 13439316?
68
Calculate the greatest common factor of 174 and 57016407.
87
What is the highest common divisor of 628886 and 6805910?
766
What is the greatest common divisor of 8792 and 2424080?
1256
Calculate the highest common factor of 38747152 and 1192.
1192
Calculate the highest common divisor of 73502 and 463958.
22
What is the highest common divisor of 1379 and 320800907?
1379
What is the greatest common divisor of 21 and 490467152?
7
What is the highest common divisor of 2581 and 2674409?
29
Calculate the greatest common factor of 93090345 and 34248.
4281
What is the greatest common factor of 31523 and 12557?
29
Calculate the greatest common divisor of 61418 and 363342.
574
What is the highest common divisor of 6405 and 212345?
35
What is the greatest common factor of 12199 and 497941?
1109
Calculate the highest common divisor of 49505 and 2320.
5
Calculate the greatest common factor of 10992222 and 855.
171
What is the highest common divisor of 180546511 and 1581?
527
Calculate the greatest common divisor of 845479 and 117391.
1319
Calculate the highest common divisor of 55877 and 6388079.
787
Calculate the highest common factor of 6206537208 and 10356.
10356
Calculate the greatest common divisor of 7954524 and 1620.
324
Calculate the greatest common factor of 19878125 and 2500.
625
What is the greatest common factor of 4059 and 668004513?
1353
What is the greatest common factor of 94615 and 27?
1
What is the greatest common divisor of 516 and 62772?
12
Calculate the greatest common factor of 47029155 and 677440.
10585
What is the greatest common divisor of 3364339 and 121?
11
What is the greatest common divisor of 99992282 and 1846?
1846
What is the highest common factor of 167334 and 2502?
6
Calculate the greatest common factor of 115433 and 79117.
1297
What is the greatest common divisor of 23740 and 17140?
20
Calculate the greatest common divisor of 280 and 285516840.
280
Calculate the highest common factor of 137705299 and 2636.
659
What is the highest common divisor of 4995008 and 1700?
68
Calculate the highest common factor of 25314 and 4611367.
4219
Calculate the highest common divisor of 21912 and 147180.
132
Calculate the highest common divisor of 168310399 and 284.
71
Calculate the highest common divisor of 43039 and 69287.
193
What is the highest common factor of 9371 and 462299543?
9371
What is the greatest common factor of 40 and 16431780?
20
What is the highest common divisor of 4933775 and 14?
7
Calculate the greatest common divisor of 1530 and 19851138.
306
Calculate the greatest common divisor of 8013264 and 11760.
2352
What is the highest common factor of 188 and 26988058?
94
What is the greatest common divisor of 72413 and 22783763?
6583
Calculate the greatest common factor of 128773 and 632069.
983
What is the highest common factor of 20597 and 77709607?
479
Calculate the greatest common factor of 60292431 and 9.
9
Calculate the highest common factor of 138675 and 7955.
215
What is the highest common factor of 12875581 and 15958?
101
Calculate the highest common divisor of 4 and 127171612.
4
What is the greatest common divisor of 48168871 and 136?
17
What is the highest common divisor of 122996 and 8380412?
388
Calculate the greatest common divisor of 3129665 and 14399.
847
What is the greatest common factor of 283470 and 16620?
30
What is the highest common factor of 39335274 and 99?
99
What is the highest common divisor of 5042265 and 15?
15
What is the highest common factor of 8379 and 7874055?
441
Calculate the greatest common divisor of 208 and 123566456.
104
What is the highest common factor of 399 and 66198356?
133
Calculate the highest common divisor of 197620 and 13862100.
820
Calculate the greatest common factor of 174 and 3388041.
87
Calculate the greatest common divisor of 13020 and 452414.
62
Calculate the greatest common divisor of 49593615 and 2488.
311
Calculate the highest common divisor of 343426311 and 171.
171
What is the greatest common divisor of 1083000 and 18525?
1425
Calculate the highest common factor of 76798729 and 686.
343
Calculate the greatest common divisor of 9712 and 59952.
16
Calculate t